4*z + 21. What is the remainder when 19 is divided by z?
5
Let v(b) = -b**3 + 2*b**2 - 4*b. Let m be v(5). Let x = -66 - m. Calculate the remainder when x is divided by ((-15)/9)/(2/(-18)).
14
Suppose 2*u + 6 - 162 = 0. Calculate the remainder when u is divided by 20.
18
Suppose 0 = -2*l + 2. Calculate the remainder when 2 is divided by l.
0
Suppose -5*t + t + 12 = 0, 403 = 2*i - 5*t. What is the remainder when i is divided by 53?
50
Suppose f - 17 = -2*y, 5*f - 61 = y - 5*y. Calculate the remainder when 23 is divided by f.
5
Let x(a) be the third derivative of 3*a**5/20 + a**4/8 - 2*a**3/3 + a**2. What is the remainder when x(-3) is divided by 23?
22
Suppose 0 = -5*f - s + 115 - 0, -2*s = 0. Let j(h) = -h**3 + 13*h**2 + 2*h - 18. Calculate the remainder when f is divided by j(13).
7
Suppose -2*z + 2 = -b, -4*b - 8 = -4*z - z. What is the remainder when b/((-3)/((-45)/(-6))) is divided by 3?
2
Let c = -17 - 3. Let d = c + 31. What is the remainder when d is divided by 6?
5
Suppose 5*b - 119 = -2*f, -2*b + 84 = 2*b - 4*f. Let u = 3 - b. What is the remainder when ((-1)/(1/u))/1 is divided by 7?
6
Let h = -4 - -9. What is the remainder when 14 is divided by h?
4
Let t(i) = 8*i + 1. Let p = -5 + 8. Calculate the remainder when t(p) is divided by 13.
12
Let t = 3 + -39. Let b = t + 51. Calculate the remainder when b is divided by 8.
7
Suppose -46 = -2*a + 144. Suppose 0 = -2*j + 3 + a. Calculate the remainder when j is divided by 17.
15
Suppose 4*c + 24 = -4*i, -6 = -i + 6*i - 3*c. Let q = i - -12. Calculate the remainder when q is divided by 4.
1
Let q(n) = -n**2 + 10*n + 10. Suppose -4*r = -2*h, 4*r = -4*h + h - 20. Let j(t) = -4*t + 3. What is the remainder when j(h) is divided by q(10)?
9
Suppose -5*r + 24 = -3*r. Let l(m) = -3*m**3 - m**2 + 1. Let y be (-6)/15 + (-16)/10. What is the remainder when l(y) is divided by r?
9
Suppose -4*k - 3*c = -1 - 43, 0 = 3*k + 3*c - 33. Suppose -5*q - 17 = -57. Suppose -5*p + 3*p = -q. Calculate the remainder when k is divided by p.
3
Suppose 0 = -2*v - 2 - 4. Calculate the remainder when 23 is divided by (2/v)/((-3)/27).
5
Suppose 5*a - 2*k = -k - 133, 0 = 3*a - 5*k + 93. Let x = 60 + a. What is the remainder when x is divided by 18?
16
Let v(w) = -7*w - 6. Let a(x) = x**2 + 4*x - 8. Let f be a(-5). What is the remainder when v(f) is divided by 6?
3
Let g = -68 - -83. Let z(l) = 6*l + 5 - 1 + 3. What is the remainder when z(6) is divided by g?
13
Let m = 0 - -4. Let v be ((-8)/(-12))/(m/174). What is the remainder when 16 is divided by 4/(-6) + v/3?
7
Suppose 5*s - 120 = 125. Let o(v) be the first derivative of -v**2/2 + 17*v - 2. Calculate the remainder when s is divided by o(0).
15
Let v = 13 + -1. What is the remainder when 22 is divided by v?
10
Suppose g + 324 = 4*g. What is the remainder when g is divided by 37?
34
Let w = 14 - 12. What is the remainder when (-27)/(-18)*19*w is divided by 15?
12
Let c be (-6)/(-18) + (-28)/(-6). Suppose -c*t + 105 = -70. What is the remainder when t is divided by 12?
11
Let u(n) = -7 + 14 + n**3 - n**2 + 0*n**2 + n. Suppose -16 = -3*d - p, 0 = -d + 4*p + p - 16. Calculate the remainder when u(0) is divided by d.
3
Let w(h) = 0*h - 2 + 5 + h**2 - 8*h. Let z be w(8). Let i(c) = 3*c - 2. What is the remainder when 13 is divided by i(z)?
6
Let q be 2 + (4 - -5)/3. Suppose 0 = q*a - 0*x + 2*x - 25, -a - x + 8 = 0. What is the remainder when 13 is divided by a?
1
Let j = 5 + 9. Let x(u) = 3*u + 15. Calculate the remainder when x(13) is divided by j.
12
Let l = 5 + 22. Calculate the remainder when 51 is divided by l.
24
Let x(q) = 4*q - 65. Calculate the remainder when 89 is divided by x(20).
14
Let x = -189 - -318. Calculate the remainder when x is divided by 33.
30
Let n(b) be the third derivative of b**5/60 - b**4/4 - b**3/2 - 2*b**2. Let o be n(4). Let z = 31 + o. Calculate the remainder when z is divided by 11.
9
Suppose 0*t - 2*t + 2 = 0. What is the remainder when (-39*1*t)/(-1) is divided by 10?
9
Let m(v) = v**2 - v. Let d be m(-1). Let x be 12*(-2)/(-8)*d. Let u = x - -3. Calculate the remainder when 33 is divided by u.
6
Suppose -3*z + 3 = -6. Suppose -2*a = z*n - 77, n + 65 = 7*a - 5*a. Let f(m) = -m**3 + m**2 + 12. What is the remainder when a is divided by f(0)?
10
Let i(b) = 4*b - 8. Calculate the remainder when 109 is divided by i(9).
25
Let j(o) = 2*o**2 - 2. Calculate the remainder when 10 is divided by j(2).
4
Suppose -j - 9 = 4*b, 7 = -2*j + 4*b + 1. Let i = 16 - j. Calculate the remainder when i is divided by ((-22)/(-8))/((-2)/(-8)).
10
Suppose 0 = 2*g, -5*u = 5*g + 8 + 37. Let q = u - -14. What is the remainder when 14 is divided by q?
4
Suppose -5*w = 4*o - 74, 10 = o + 5*w - 1. What is the remainder when 61 is divided by o?
19
Suppose 31 = 4*d + 3*l, 0*l + 5 = -5*d + 5*l. Suppose -f + 3*c = -8, 3 = -f - 4*c + d. Let j = -1 + f. Calculate the remainder when 10 is divided by j.
2
Let v = -1 + 13. Suppose 2*x - 9 = -5*p - 2, -15 = 3*x - p. Calculate the remainder when (-169)/(-5) - x/20 is divided by v.
10
Suppose 4*r - 3*r = -2*k + 9, 4*k - 13 = -r. Suppose 2*f = 2*q - 20, 3*f + 17 = k*q - 7. Calculate the remainder when 17 is divided by q.
5
Let o be 18/(-5 + 2) - -3. Let f be (-12)/(-1 - o) - -3. Calculate the remainder when (-26)/(f - -1) + 0 is divided by 7.
6
Let q(c) be the third derivative of -c**4/4 + c**3/6 - 2*c**2. Calculate the remainder when q(-2) is divided by 8.
5
Let q(m) = 5*m**2 - 3*m + 2. Let l be q(2). Suppose -y + 2*y = l. What is the remainder when 29 is divided by y?
13
Suppose 11 - 26 = 5*d - 5*u, -31 = -3*d - 5*u. Calculate the remainder when (-18)/(-1) + 4 + -2 is divided by 0 - 0 - (-22)/d.
9
Suppose -3*p - 123 = -4*p. What is the remainder when p is divided by 25?
23
Suppose -4*v + 2 = 3*t + 4, 5*t = -5*v. Suppose -4*f - 5*u = f - 55, t*u = 10. Calculate the remainder when 17 is divided by f.
5
Suppose 55 + 2 = q. Suppose -h - q = -4*h. Suppose 4*a - 44 = -4. Calculate the remainder when h is divided by a.
9
Suppose 0 = -4*p + f + 248, -4*p + 173 = -5*f - 59. Let r(v) = 15*v**2 - v. Calculate the remainder when p is divided by r(-1).
15
Let w(q) = -2*q**2 + 0*q + 4 - 5*q + q**2. Calculate the remainder when ((-69)/(-9)*3)/(1/1) is divided by w(-4).
7
Let b(z) = -z - 3. Let j be b(-7). Suppose -j*t = 5*x - 153, 4*t + 8*x - 148 = 4*x. What is the remainder when t is divided by 17?
15
Calculate the remainder when 17 is divided by (28/21)/((-2)/(-6)).
1
Let p be -3 + 3 + 0 + 2. Suppose -3*u - p*u = 15, -4*a - 5*u + 21 = 0. What is the remainder when a is divided by 6?
3
Suppose 0 = h - 21 + 6. Suppose 0*i + 8 = z - 3*i, -5*i = -h. What is the remainder when 66 is divided by z?
15
Suppose -3*a + 16 = a. What is the remainder when a is divided by 3?
1
Suppose 3*c + 4 - 31 = 0. What is the remainder when 15 is divided by c?
6
Let t = 46 + -27. What is the remainder when 56 is divided by t?
18
Suppose 2*g - 26 = 5*w, 5*g + 4 = -w + 96. Let s(c) = -8*c + 4. Calculate the remainder when s(-6) is divided by g.
16
Suppose 4*r + 8 = 4*n, 5*n = -4*r + 14 + 14. Calculate the remainder when 2 is divided by r.
0
Suppose 3*s - 8 + 65 = 0. Let v = 23 - s. What is the remainder when v is divided by 15?
12
Let t be 5/2*(1 + -3). What is the remainder when 1*-50*(t + 4) is divided by 17?
16
Suppose a = 2*a - 10. Suppose -6*y = -4*y - 34. What is the remainder when y is divided by a?
7
Suppose c - 4 = -1. Let u(g) = g**3 - g**2 - 5*g + 4. Calculate the remainder when 20 is divided by u(c).
6
Suppose 0 = -0*q - 4*q - 92. Let m = q + 45. Suppose -x + 19 = -m. What is the remainder when x is divided by 11?
8
Suppose i + 2 = v, -4*v - 2*i + 31 + 7 = 0. Calculate the remainder when 68 is divided by v.
5
Suppose 0*d = 3*d - 27. Suppose -2*h = -3*j - 12, 4*j - j - 12 = -2*h. Calculate the remainder when h/(-15) - 132/(-5) is divided by d.
8
Suppose -4*c = -4*l + 12, -5*l + 13 + 12 = 5*c. Let j = l - -16. What is the remainder when 39 is divided by j?
19
Let v = -31 + 55. What is the remainder when 51 is divided by (-208)/v*-1*3?
25
Let b = 25 - 20. Calculate the remainder when b is divided by 2.
1
Let z be 1*(-7)/((-7)/18). Suppose -2*d = 4*t - z, 0 = -5*d + 3*d - t + 18. Let i = -8 + d. What is the remainder when i is divided by 1?
0
Suppose 2*a + 